e
Is 4660291 composite?
False
Is 242275447 a prime number?
False
Is 20737163 a prime number?
False
Is 7428111 composite?
True
Is 3732799 a prime number?
False
Is 11610161 composite?
False
Is 1542621727 prime?
True
Is 549989723 prime?
False
Is 20529723 composite?
True
Is 330376957 a prime number?
True
Is 1214599105 a prime number?
False
Is 2065229 a composite number?
True
Is 19649081 composite?
False
Is 3941809 a prime number?
False
Is 24840857 a composite number?
False
Is 57977571 a composite number?
True
Is 1417217 a prime number?
True
Is 8770007 a prime number?
True
Is 10076299 composite?
True
Is 40109213 prime?
False
Is 17647271 prime?
False
Is 531454543 composite?
False
Is 19386767 prime?
True
Is 131059801 prime?
True
Is 16861107 prime?
False
Is 66243383 prime?
True
Is 4128589 composite?
False
Is 361115389 a prime number?
True
Is 16148939 composite?
True
Is 78263 a prime number?
False
Is 1927061 a prime number?
False
Is 1613041 a composite number?
False
Is 2017957 a composite number?
False
Is 116661093 prime?
False
Is 36257323 prime?
True
Is 12106093 a prime number?
True
Is 5001967 a composite number?
False
Is 44431789 composite?
True
Is 1851991 a prime number?
True
Is 10536961 a prime number?
True
Is 2749 a composite number?
False
Is 2415067 composite?
True
Is 230860087 a composite number?
False
Is 15821743 prime?
False
Is 6522757 a prime number?
False
Is 5272451 composite?
True
Is 114132059 composite?
True
Is 4398991 a prime number?
True
Is 161437 a prime number?
False
Is 5384901 prime?
False
Is 5694317 a composite number?
True
Is 1897517 a prime number?
True
Is 1062053 a prime number?
False
Is 306038251 a composite number?
True
Is 5732618 composite?
True
Is 1344865 prime?
False
Is 200357 a composite number?
False
Is 37327439 composite?
True
Is 774592535 composite?
True
Is 5692289 prime?
True
Is 372572299 composite?
True
Is 437365 prime?
False
Is 2161667 a prime number?
False
Is 1253943569 a prime number?
True
Is 422033 composite?
True
Is 1091549 composite?
False
Is 4963253 composite?
False
Is 165543617 composite?
False
Is 954127 a prime number?
False
Is 1069213 prime?
False
Is 34229191 composite?
False
Is 12394523 composite?
True
Is 5657363 a prime number?
False
Is 215898479 a prime number?
True
Is 22031 composite?
False
Is 1366279 prime?
True
Is 17776789 a composite number?
False
Is 26666401 prime?
False
Is 11889223 composite?
True
Is 9904243 a composite number?
True
Is 225285083 a prime number?
True
Is 75913 a prime number?
True
Is 72785183 a composite number?
True
Is 268222861 a composite number?
True
Is 39053939 a composite number?
False
Is 1324313 prime?
True
Is 12735739 prime?
True
Is 1538989 prime?
True
Is 1572571343 a prime number?
False
Is 55610531 a prime number?
True
Is 82819823 a composite number?
False
Is 23988407 a prime number?
True
Is 3604777 a composite number?
True
Is 1129519 prime?
True
Is 3849299 a composite number?
False
Is 18645119 composite?
True
Is 32534431 a composite number?
False
Is 62590949 a prime number?
False
Is 1999211 prime?
True
Is 105814187 a composite number?
False
Is 877057 a composite number?
False
Is 23438663 prime?
False
Is 1330093 a composite number?
False
Is 10857289 composite?
False
Is 194435939 prime?
True
Is 16067801 a composite number?
False
Is 730591073 prime?
True
Is 5862617 prime?
True
Is 7583151 a prime number?
False
Is 57808213 a prime number?
False
Is 8708893 prime?
True
Is 1172657 a composite number?
False
Is 74521 a prime number?
True
Is 6553973 composite?
True
Is 25561661 a prime number?
True
Is 608993277 a composite number?
True
Is 2523293 prime?
False
Is 114169091 a composite number?
False
Is 20255747 a prime number?
False
Is 131520265 a prime number?
False
Is 2966561 composite?
True
Is 2861767 a prime number?
True
Is 20400179 prime?
True
Is 43953731 composite?
False
Is 1463980403 a prime number?
True
Is 18741 a composite number?
True
Is 8826574 prime?
False
Is 10437139 composite?
False
Is 8804093 a composite number?
True
Is 72168857 a composite number?
False
Is 719849 a prime number?
False
Is 2432449 composite?
True
Is 7298803 prime?
True
Is 39823754 a composite number?
True
Is 5239447 prime?
True
Is 64350241 a prime number?
False
Is 1746463 composite?
False
Is 6191377 a composite number?
True
Is 26474281 composite?
True
Is 43364179 composite?
False
Is 24774173 composite?
False
Is 1922951 a prime number?
True
Is 15509177 composite?
False
Is 2043505 composite?
True
Is 31713259 a prime number?
True
Is 14319671 a composite number?
False
Is 668407 prime?
True
Is 202467037 a composite number?
False
Is 33193457 composite?
True
Is 51826069 composite?
True
Is 21148559 a composite number?
False
Is 161950339 a prime number?
False
Is 33631163 a composite number?
True
Is 33818758 a prime number?
False
Is 45819831 a composite number?
True
Is 2213257 composite?
True
Is 12853069 composite?
False
Is 114331 composite?
True
Is 100727819 a composite number?
False
Is 147054074 composite?
True
Is 506569985 composite?
True
Is 8988337 a prime number?
True
Is 5321683 composite?
False
Is 130793009 a prime number?
True
Is 158959 a composite number?
False
Is 1314941599 composite?
False
Is 4668401 composite?
True
Is 176697091 a prime number?
True
Is 4793759 composite?
True
Is 357165619 a composite number?
True
Is 26294737 prime?
False
Is 5306827 composite?
False
Is 30631741 prime?
False
Is 15426889 a prime number?
True
Is 8171129 a composite number?
False
Is 1916531 prime?
True
Is 6845161 prime?
True
Is 5185211 composite?
False
Is 99996319 a composite number?
True
Is 103897423 a prime number?
False
Is 8246461 prime?
True
Is 274245731 a composite number?
True
Is 9343849 composite?
False
Is 3093667 a composite number?
True
Is 73799947 a composite number?
True
Is 54070741 a prime number?
True
Is 38755889 prime?
False
Is 11453107 a prime number?
True
Is 29687621 composite?
True
Is 69908081 a composite number?
True
Is 510882373 prime?
True
Is 1724057 a composite number?
True
Is 4652045 composite?
True
Is 39629251 a composite number?
False
Is 2913997 a prime number?
True
Is 7978361 prime?
False
Is 4810409 composite?
True
Is 193093291 a composite number?
True
Is 23756639 prime?
True
Is 360947 prime?
True
Is 5573149 composite?
True
Is 140860771 a prime number?
True
Is 88457507 a prime number?
True
Is 84951859 a composite number?
False
Is 129742999 composite?
False
Is 286673 a prime number?
True
Is 20541182 prime?
False
Is 34722445 prime?
False
Is 517777927 a prime number?
True
Is 1927519 prime?
False
Is 29951399 a prime number?
False
Is 1856251 a prime number?
False
Is 7978319 composite?
False
Is 5508959 prime?
False
Is 238617527 prime?
True
Is 36151237 composite?
True
Is 17508719 prime?
False
Is 3470639 a composite number?
True
Is 1222993 a composite number?
False
Is 1081943 prime?
False
Is 98783189 prime?
False
Is 4692827 a prime number?
False
Is 3853093 a composite number?
False
Is 2098291 composite?
True
Is 25920007 composite?
False
Is 1523609 a prime number?
True
Is 1404077 composite?
True
Is 1469833 composite?
False
Is 113898367 prime?
False
Is 74149 composite?
False
Is 14155451 a composite number?
True
Is 13193351 composite?
True
Is 3651031 prime?
False
Is 123477686 prime?
False
Is 2310277 composite?
False
Is 6634583 composite?
False
Is 4018573 prime?
False
Is 67994 a composite number?
True
Is 5732917 composite?
False
Is 1514467 a composite number?
True
Is 28694597 prime?
True
Is 4745243 composite?
False
Is 1306862 a composite number?
True
Is 3715135 a prime number?
False
Is 32831 prime?
True
Is 283405391 a composite number?
True
Is 25731311 a prime number?
True
Is 219369691 composite?
True
Is 40074539 prime?
True
Is 75695551 a prime number?
True
Is 42516391 prime?
False
Is 513899 composite?
False
Is 14294377 prime?
False
Is 770879 prime?
False
Is 13964935 prime?
False
Is 106151257 composite?
True
Is 4873993 a composite number?
False
Is 58189 prime?
True
Is 7273982 composite?
True
Is 4554847 a prime number?
False
Is 13119289 a prime number?
False
Is 173101871 prime?
False
Is 1540399 composite?
True
Is 9712657 a composite number?
True
Is 3158297 composite?
False
Is 42013877 prime?
True
Is 2660003 prime?
True
Is 28171409 composite?
True
Is 109069 a prime number?
False
Is 13530361 prime?
False
Is 7890455 a